
Let u = 166 + -94. Does 40 divide u?
False
Let m(r) be the third derivative of 1/8*r**4 - 1/2*r**3 + 0*r - r**2 + 0. Is 12 a factor of m(5)?
True
Does 22 divide -2 + (0 - -1) + 5 + 84?
True
Suppose -11 = d + 5*j, 3*d - j = j + 18. Suppose -2*u - 2*u = -5*k + 5, 4*u - 4*k + 4 = 0. Suppose d*n - g - 45 = u, n = 6*n - g - 56. Is n a multiple of 11?
True
Let k(j) = -7*j + 3. Let n(y) = -8*y + 3. Let u(d) = -6*k(d) + 5*n(d). Let z(w) = -w**3 + 4*w**2. Let v be z(3). Is 15 a factor of u(v)?
True
Suppose y - 162 = -5*l, -154 = -5*l - 0*y + 3*y. Is 8 a factor of l?
True
Let g(f) = 4*f**2 - 2*f - 2. Does 7 divide g(2)?
False
Let d = -5 + 12. Suppose 3*l = 2 + d. Suppose -9 = -l*a + 3. Is a a multiple of 2?
True
Suppose t + 5*o + 0 = -1, 2 = -2*o. Let y be 1/(-3) + 235/3. Suppose t*h - y = h. Does 13 divide h?
True
Let j(o) = -o**3 + 4*o**2 + 4*o - 11. Is 2 a factor of j(3)?
True
Suppose 48*z - 600 = 46*z. Is z a multiple of 15?
True
Suppose y - 26 = -5*u + 4*y, 0 = 3*u + y - 10. Suppose -j = -2*p + 6*p - 37, -u*p + 88 = 4*j. Let g = j - 12. Does 2 divide g?
False
Is 13 a factor of 48 + (-1 - -2) + 2?
False
Let x = 7 - 4. Suppose -x - 3 = -2*u. Suppose 0 = -z - 2*k + 8, -u*z - z - 3*k + 42 = 0. Does 6 divide z?
True
Suppose 3*f = s + 4*s - 213, s - 2*f = 44. Is s a multiple of 33?
False
Let z = -12 - -18. Is 10 a factor of -20*(-4 + 1)/z?
True
Let r(l) = -2 - 2*l - 2*l + 6*l. Is r(5) a multiple of 3?
False
Let n(j) = j**3 + 2*j**2 + j - 3. Let g be n(-2). Let h(l) = -l**3 - 4*l**2 + l - 1. Does 7 divide h(g)?
False
Let v(y) = y**2 + 4*y - 8. Let f(o) = -o**3 - 5*o**2 - 2*o + 5. Let b be f(-4). Let a = -9 - b. Is v(a) even?
True
Let p(r) = 23*r - 25. Is 25 a factor of p(7)?
False
Let g(z) = -z**2 + 7*z - 6. Let a = 6 + -1. Let h be g(a). Suppose -l - h + 13 = 0. Is l a multiple of 9?
True
Suppose 4*o - 193 = 207. Is 9 a factor of o?
False
Suppose 3 + 5 = 2*i. Is ((-6)/i)/((-11)/132) a multiple of 9?
True
Suppose 41 = 4*b - a, -3*b = 4*a + a - 2. Does 9 divide (-135)/10*(-6)/b?
True
Let c be (6 + -8)/(-2 + 1). Suppose 2*n - c = 14. Does 5 divide n?
False
Let q = 4 + -2. Suppose -5*t + 1 = -2*t - q*o, 5*t = -5*o + 35. Suppose -g = -5*g, t*s - 60 = 2*g. Is s a multiple of 10?
True
Let q = 34 + -7. Does 8 divide q?
False
Suppose 0 = 4*g + a - 1408, 5*g - 6*g + 5*a + 352 = 0. Is g a multiple of 44?
True
Suppose -6*w = -w - 10. Suppose w*a = -4*z + 16, 0*a = -5*a + 10. Does 2 divide z?
False
Let a be (6/(-10))/((-4)/20). Suppose 0 = -a*t + 2*u + 267, -3*u = -3*t - 0*u + 267. Is 23 a factor of t?
False
Let q(s) = -7*s - 2. Let k be q(-1). Suppose -f = -0*f - k. Is f even?
False
Let a(m) = m**3 - 7*m**2 + 2*m - 4. Let d be a(7). Let s(w) = 8*w + 13. Does 31 divide s(d)?
True
Suppose 4*h = 3*h. Suppose h = -2*l - 21 + 1. Let v = l + 14. Is 2 a factor of v?
True
Let g be (64/(-12))/(2/9). Let r = 48 + g. Does 8 divide r?
True
Let t(m) = 6*m**2 + 2*m + 7. Is t(-3) a multiple of 11?
True
Suppose 3*k + 6 = 18. Let o be (-13)/(-5) - k/(-10). Is -14*o/(-3) + -2 a multiple of 12?
True
Suppose 11 = q - 2*o, -q - 3*o - 10 = -1. Let l be 128/2 - (2 - 1). Suppose 2*a - 4*a - 4*b + 34 = 0, l = 4*a + q*b. Does 9 divide a?
False
Let m(l) = l**2 - l. Let d(a) = -2*a - 4. Let o be d(-3). Let s be m(o). Suppose -22 - 32 = -s*i. Is i a multiple of 10?
False
Suppose 0 = 3*p - 0*p - 9. Let c(z) = -z**2 - 11*z + 14. Let q be c(-11). Suppose p*k - q = k. Does 4 divide k?
False
Suppose -17 = -5*f + 3. Is 19 a factor of 118/(-3)*(-6)/f?
False
Let b = -14 - -55. Is 38 a factor of b?
False
Let w = -88 - -45. Does 16 divide 2/(-4)*0 - w?
False
Suppose 2*g - 6*g = 52. Let o = -8 - g. Suppose 4*h + 14 = x, o*h + 21 = x + 5. Is x a multiple of 3?
True
Suppose -10 = -3*p - 2*p. Suppose i + l + p*l - 14 = 0, 5*l - 20 = -i. Suppose -i*u = -y + 8, -4*u = 5*y - 5*u - 136. Is y a multiple of 13?
False
Let b be (-465)/(-65) - (-2)/(-13). Suppose 0 = l - b - 49. Is l a multiple of 13?
False
Let j(v) = -11*v**2 + 1. Let p be j(1). Let g = 8 + -6. Let l = g - p. Is 8 a factor of l?
False
Let y = 7 + -7. Suppose 4*q - 112 = -y*q. Is 11 a factor of q?
False
Let o(w) = -w**3 - 4*w**2 - 4*w - 6. Let r be 2/9 + 38/(-9). Let p be o(r). Let t = 32 - p. Is t a multiple of 11?
True
Let k(z) = 3*z**3 - 2*z**2 - z + 1. Let n(j) = 2*j**2 - 5*j**3 + 4*j**3 + 2*j - j. Let f be n(2). Does 11 divide k(f)?
False
Suppose -17*i + 201 = -14*i. Is 12 a factor of i?
False
Does 7 divide ((-287)/(-14))/((-2)/(-4))?
False
Suppose -3*c - 22 - 2 = 0. Let z = 2 + c. Let y = z + 8. Is y even?
True
Let u be (-6)/(-3 + 1) - -6. Let c = u - 4. Is 5 a factor of c?
True
Suppose 4*v = 39 + 117. Is 5 a factor of v?
False
Suppose m = -u + 2*u + 6, 21 = 4*m - u. Suppose -3*n - 5*k = -13 - 3, m*k = -20. Is n a multiple of 12?
True
Let k(r) = r**2 - 2*r + 5. Let o(n) = n - 1. Let d(l) = -k(l) - 3*o(l). Let m be d(-2). Is 14 a factor of m/((-8)/14)*3?
False
Let l(f) = -f**3 + 8*f**2 - 11*f + 16. Let b be l(11). Does 10 divide 4/3*b/(-24)?
False
Let l = -6 + 1. Let r = l + 13. Is r a multiple of 4?
True
Let j(v) = -v**2 - 13*v - 9. Let a be j(-9). Let q = a - 12. Is q a multiple of 5?
True
Let a(s) = 3*s**2 - 8*s + 3. Is 3 a factor of a(3)?
True
Let c = 9 + -8. Let r(q) = 4 + 0 - 5*q + 3*q**2 + c. Is r(4) a multiple of 11?
True
Suppose 0*t = 3*t - 198. Does 28 divide t?
False
Let d(b) = -b**2 + 8*b + 9. Let j be d(9). Let f(n) = -n**3 - n**2 + 2. Does 2 divide f(j)?
True
Let b(f) = 4*f + 8. Is 19 a factor of b(10)?
False
Let a(c) = -5*c - 3. Suppose -3*z = 2*b + 1, b = 4*z + 6 + 10. Does 12 divide a(z)?
True
Suppose 0 = -c - 3*h + 17, 0 = -2*c + 2*h - 6. Let p(m) be the third derivative of m**6/24 - m**5/30 - m**3/3 + m**2. Does 15 divide p(c)?
True
Suppose 3 - 28 = 5*t. Let s = t + 20. Does 12 divide s?
False
Is -31*(0 - (2 + 0)) even?
True
Let v(r) = -r**2 + 15*r - 16. Is v(11) a multiple of 7?
True
Let l(r) = -r + 9. Let w be l(-10). Let p(d) = d**3 - 10*d**2 + 1. Let h be p(10). Is 11 a factor of 1*w/h + 3?
True
Let q(z) = 14*z**2 + 13*z + 21. Let m(v) = -9*v**2 - 9*v - 14. Let g(o) = -8*m(o) - 5*q(o). Let j(p) = -p**2 + 4*p + 7. Let l be j(6). Is 7 a factor of g(l)?
False
Let h(r) = -r**2 + 6*r - 6. Let c be h(5). Let n(m) = 14*m**2 + 1. Is 9 a factor of n(c)?
False
Suppose 2*v + 0*v = 84. Is v a multiple of 17?
False
Let g be (-1 + 3)/(-2 + 1). Does 5 divide (g/6)/((-1)/15)?
True
Let q be (20*(-2)/(-4))/(-1). Let c = q - -94. Is (4/(-6))/((-8)/c) a multiple of 5?
False
Let v(f) = -f**3 + 14*f**2 + 5*f + 5. Is 15 a factor of v(14)?
True
Suppose 0 = 7*l + 447 - 1329. Does 22 divide l?
False
Let n(y) = -y**2 + 4. Let l be n(-3). Is (l + 6)/((-2)/(-86)) a multiple of 13?
False
Let h(y) = 14*y**2 + 5*y + 2. Is h(-2) a multiple of 15?
False
Let s be 13 - (-1 - 4/4). Let m = 22 - s. Is m a multiple of 2?
False
Is 0/5 - (-52)/2 a multiple of 4?
False
Let k(f) = -f**3 + 4*f**2 - f - 5. Let i be k(4). Let o = -4 - i. Suppose -4*v - 55 = -5*s, -2*s + o*v + 1 = -4. Is 5 a factor of s?
True
Suppose 0*n - 4 = -2*n. Is 24 a factor of -2 + (37 - n) - 3?
False
Let b(z) be the first derivative of z**4/4 + 2*z**3 - 5*z**2 - 9*z + 2. Is b(-7) a multiple of 6?
True
Let q(d) = 9*d - 3. Let m be q(-3). Let f = -18 - m. Is 12 a factor of f?
True
Suppose -5 + 15 = 5*x. Suppose 5*k + 5*o - 86 = -1, -3*o - 24 = -x*k. Is k a multiple of 6?
False
Let u = -2 - -1. Let b(g) = 21*g**2 - 2*g - 1. Is 11 a factor of b(u)?
True
Suppose -4*g + 400 - 72 = 0. Does 21 divide g?
False
Does 15 divide ((-5)/(-4))/((-3)/(-36))?
True
Let k be (-12)/(-1)*(-28)/(-8). Let i = k - 15. Is 9 a factor of i?
True
Let x = 105 + 115. Is 20 a factor of x?
True
Suppose 3*i + 6 + 0 = 0. Let l be (-2)/i*(1 + -2). Is 3 a factor of 5*(4/5 - l)?
True
Let l(u) = 17*u**2 + 2*u - 2. Let h be l(2). Is (h/(-8))/((-1)/4) a multiple of 11?
False
Let b(h) = -h**2 - 7*h + 10. Let r be b(-8). Suppose -5*s - 59 + 479 = -3*c, -r*c - 252 = -3*s. Does 18 divide s?
False
Suppose 0 = 2*s - 6*s. Suppose 4*m - 6 - 2 = s. Suppose -m*u - 3*i = -31, 0*i - 65 = -5*u + 5*i. Is u a multiple of 7?
True
Let x be (-5 - -51) + (0 - 3). Suppose -2*v - 3*d + 66 = 0, d - x = -v + 2*d. Is v a multiple of 13?
True
Let b be ((-18)/(-24))/((-3)/(-12)). Suppose 2*t - 48 = -0*t. Does 3 divide t/b + -2*1?
True
Let a(g) = 2*g**3 -